{"id":3151,"date":"2021-11-18T13:01:57","date_gmt":"2021-11-18T12:01:57","guid":{"rendered":"https:\/\/voksenaasen.no\/engelsk\/?page_id=3151"},"modified":"2022-12-15T11:19:49","modified_gmt":"2022-12-15T10:19:49","slug":"ice-fishing","status":"publish","type":"page","link":"https:\/\/voksenaasen.no\/english\/ice-fishing\/","title":{"rendered":"Ice fishing"},"content":{"rendered":"<h2>Good opportunities for ice fishing<\/h2>\n<p>The nature around Voksen\u00e5sen abounds with large and small waters, and there are therefore great opportunities to find good spots for ice fishing. \u00d8vrsetertjern, Maridalsvannet, Bj\u00f8rnsj\u00f8en and Helgeren are just some of the waters you can ice fish in. Just make sure that the ice on the water is thick enough and that you have good equipment with you.<\/p>\n<p><strong>Note!<\/strong> You need to have a fishing license to ice fish in fresh water. Also make sure that you are allowed to fish in the water you intend to fish in.<\/p>\n<h2>Take a trip to Voksen\u00e5sen this vinter<\/h2>\n<p>Take advantage of the beautiful winter days and take a trip up to Voksen\u00e5sen&#8217;s unique location this winter. <a href=\"https:\/\/voksenaasen.no\/english\/stay-with-us\/\">We have rooms<\/a> with a unique view over the fjord and close to a multitude of winter activities.<\/p>\n","protected":false},"excerpt":{"rendered":"<p>Good opportunities for ice fishing The nature around Voksen\u00e5sen abounds with large and small waters, and there are therefore great opportunities to find good spots for ice fishing. \u00d8vrsetertjern, Maridalsvannet, Bj\u00f8rnsj\u00f8en and Helgeren are just some of the waters you can ice fish in. Just make sure that the ice on the water is thick [&hellip;]<\/p>\n","protected":false},"author":5,"featured_media":3158,"parent":0,"menu_order":0,"comment_status":"closed","ping_status":"closed","template":"","meta":{"_acf_changed":false,"footnotes":""},"class_list":["post-3151","page","type-page","status-publish","has-post-thumbnail","hentry"],"acf":[],"yoast_head":"<!-- This site is optimized with the Yoast SEO plugin v27.0 - https:\/\/yoast.com\/product\/yoast-seo-wordpress\/ -->\n<title>Ice fishing | Voksen\u00e5sen<\/title>\n<meta name=\"description\" content=\"During winter, ice fishing close to Voksen\u00e5sen is perfect. It is both cheap, simple and a lot of fun. Read more here.\" \/>\n<meta name=\"robots\" content=\"index, follow, max-snippet:-1, max-image-preview:large, max-video-preview:-1\" \/>\n<link rel=\"canonical\" href=\"https:\/\/voksenaasen.no\/english\/ice-fishing\/\" \/>\n<meta property=\"og:locale\" content=\"en_US\" \/>\n<meta property=\"og:type\" content=\"article\" \/>\n<meta property=\"og:title\" content=\"Ice fishing | Voksen\u00e5sen\" \/>\n<meta property=\"og:description\" content=\"During winter, ice fishing close to Voksen\u00e5sen is perfect. It is both cheap, simple and a lot of fun. Read more here.\" \/>\n<meta property=\"og:url\" content=\"https:\/\/voksenaasen.no\/english\/ice-fishing\/\" \/>\n<meta property=\"og:site_name\" content=\"Voksen\u00e5sen - Engelsk\" \/>\n<meta property=\"article:modified_time\" content=\"2022-12-15T10:19:49+00:00\" \/>\n<meta property=\"og:image\" content=\"https:\/\/voksenaasen.no\/english\/wp-content\/uploads\/sites\/5\/2021\/11\/isfiske.jpg\" \/>\n\t<meta property=\"og:image:width\" content=\"2000\" \/>\n\t<meta property=\"og:image:height\" content=\"1333\" \/>\n\t<meta property=\"og:image:type\" content=\"image\/jpeg\" \/>\n<meta name=\"twitter:card\" content=\"summary_large_image\" \/>\n<meta name=\"twitter:label1\" content=\"Est. reading time\" \/>\n\t<meta name=\"twitter:data1\" content=\"1 minute\" \/>\n<script type=\"application\/ld+json\" class=\"yoast-schema-graph\">{\"@context\":\"https:\/\/schema.org\",\"@graph\":[{\"@type\":\"WebPage\",\"@id\":\"https:\/\/voksenaasen.no\/english\/ice-fishing\/\",\"url\":\"https:\/\/voksenaasen.no\/english\/ice-fishing\/\",\"name\":\"Ice fishing | Voksen\u00e5sen\",\"isPartOf\":{\"@id\":\"https:\/\/voksenaasen.no\/english\/#website\"},\"primaryImageOfPage\":{\"@id\":\"https:\/\/voksenaasen.no\/english\/ice-fishing\/#primaryimage\"},\"image\":{\"@id\":\"https:\/\/voksenaasen.no\/english\/ice-fishing\/#primaryimage\"},\"thumbnailUrl\":\"https:\/\/voksenaasen.no\/english\/wp-content\/uploads\/sites\/5\/2021\/11\/isfiske.jpg\",\"datePublished\":\"2021-11-18T12:01:57+00:00\",\"dateModified\":\"2022-12-15T10:19:49+00:00\",\"description\":\"During winter, ice fishing close to Voksen\u00e5sen is perfect. It is both cheap, simple and a lot of fun. Read more here.\",\"breadcrumb\":{\"@id\":\"https:\/\/voksenaasen.no\/english\/ice-fishing\/#breadcrumb\"},\"inLanguage\":\"en-US\",\"potentialAction\":[{\"@type\":\"ReadAction\",\"target\":[\"https:\/\/voksenaasen.no\/english\/ice-fishing\/\"]}]},{\"@type\":\"ImageObject\",\"inLanguage\":\"en-US\",\"@id\":\"https:\/\/voksenaasen.no\/english\/ice-fishing\/#primaryimage\",\"url\":\"https:\/\/voksenaasen.no\/english\/wp-content\/uploads\/sites\/5\/2021\/11\/isfiske.jpg\",\"contentUrl\":\"https:\/\/voksenaasen.no\/english\/wp-content\/uploads\/sites\/5\/2021\/11\/isfiske.jpg\",\"width\":2000,\"height\":1333,\"caption\":\"Isfiske\"},{\"@type\":\"BreadcrumbList\",\"@id\":\"https:\/\/voksenaasen.no\/english\/ice-fishing\/#breadcrumb\",\"itemListElement\":[{\"@type\":\"ListItem\",\"position\":1,\"name\":\"Frontpage\",\"item\":\"https:\/\/voksenaasen.no\/english\/\"},{\"@type\":\"ListItem\",\"position\":2,\"name\":\"Ice fishing\"}]},{\"@type\":\"WebSite\",\"@id\":\"https:\/\/voksenaasen.no\/english\/#website\",\"url\":\"https:\/\/voksenaasen.no\/english\/\",\"name\":\"Voksen\u00e5sen - Engelsk\",\"description\":\"\",\"publisher\":{\"@id\":\"https:\/\/voksenaasen.no\/english\/#organization\"},\"potentialAction\":[{\"@type\":\"SearchAction\",\"target\":{\"@type\":\"EntryPoint\",\"urlTemplate\":\"https:\/\/voksenaasen.no\/english\/?s={search_term_string}\"},\"query-input\":{\"@type\":\"PropertyValueSpecification\",\"valueRequired\":true,\"valueName\":\"search_term_string\"}}],\"inLanguage\":\"en-US\"},{\"@type\":\"Organization\",\"@id\":\"https:\/\/voksenaasen.no\/english\/#organization\",\"name\":\"Voksen\u00e5sen AS\",\"url\":\"https:\/\/voksenaasen.no\/english\/\",\"logo\":{\"@type\":\"ImageObject\",\"inLanguage\":\"en-US\",\"@id\":\"https:\/\/voksenaasen.no\/english\/#\/schema\/logo\/image\/\",\"url\":\"https:\/\/voksenaasen.no\/english\/wp-content\/uploads\/sites\/5\/2019\/01\/Voksenaasen_liggende_Fjord_RGB.png\",\"contentUrl\":\"https:\/\/voksenaasen.no\/english\/wp-content\/uploads\/sites\/5\/2019\/01\/Voksenaasen_liggende_Fjord_RGB.png\",\"width\":510,\"height\":75,\"caption\":\"Voksen\u00e5sen AS\"},\"image\":{\"@id\":\"https:\/\/voksenaasen.no\/english\/#\/schema\/logo\/image\/\"}}]}<\/script>\n<!-- \/ Yoast SEO plugin. -->","yoast_head_json":{"title":"Ice fishing | Voksen\u00e5sen","description":"During winter, ice fishing close to Voksen\u00e5sen is perfect. It is both cheap, simple and a lot of fun. Read more here.","robots":{"index":"index","follow":"follow","max-snippet":"max-snippet:-1","max-image-preview":"max-image-preview:large","max-video-preview":"max-video-preview:-1"},"canonical":"https:\/\/voksenaasen.no\/english\/ice-fishing\/","og_locale":"en_US","og_type":"article","og_title":"Ice fishing | Voksen\u00e5sen","og_description":"During winter, ice fishing close to Voksen\u00e5sen is perfect. It is both cheap, simple and a lot of fun. Read more here.","og_url":"https:\/\/voksenaasen.no\/english\/ice-fishing\/","og_site_name":"Voksen\u00e5sen - Engelsk","article_modified_time":"2022-12-15T10:19:49+00:00","og_image":[{"width":2000,"height":1333,"url":"https:\/\/voksenaasen.no\/english\/wp-content\/uploads\/sites\/5\/2021\/11\/isfiske.jpg","type":"image\/jpeg"}],"twitter_card":"summary_large_image","twitter_misc":{"Est. reading time":"1 minute"},"schema":{"@context":"https:\/\/schema.org","@graph":[{"@type":"WebPage","@id":"https:\/\/voksenaasen.no\/english\/ice-fishing\/","url":"https:\/\/voksenaasen.no\/english\/ice-fishing\/","name":"Ice fishing | Voksen\u00e5sen","isPartOf":{"@id":"https:\/\/voksenaasen.no\/english\/#website"},"primaryImageOfPage":{"@id":"https:\/\/voksenaasen.no\/english\/ice-fishing\/#primaryimage"},"image":{"@id":"https:\/\/voksenaasen.no\/english\/ice-fishing\/#primaryimage"},"thumbnailUrl":"https:\/\/voksenaasen.no\/english\/wp-content\/uploads\/sites\/5\/2021\/11\/isfiske.jpg","datePublished":"2021-11-18T12:01:57+00:00","dateModified":"2022-12-15T10:19:49+00:00","description":"During winter, ice fishing close to Voksen\u00e5sen is perfect. It is both cheap, simple and a lot of fun. Read more here.","breadcrumb":{"@id":"https:\/\/voksenaasen.no\/english\/ice-fishing\/#breadcrumb"},"inLanguage":"en-US","potentialAction":[{"@type":"ReadAction","target":["https:\/\/voksenaasen.no\/english\/ice-fishing\/"]}]},{"@type":"ImageObject","inLanguage":"en-US","@id":"https:\/\/voksenaasen.no\/english\/ice-fishing\/#primaryimage","url":"https:\/\/voksenaasen.no\/english\/wp-content\/uploads\/sites\/5\/2021\/11\/isfiske.jpg","contentUrl":"https:\/\/voksenaasen.no\/english\/wp-content\/uploads\/sites\/5\/2021\/11\/isfiske.jpg","width":2000,"height":1333,"caption":"Isfiske"},{"@type":"BreadcrumbList","@id":"https:\/\/voksenaasen.no\/english\/ice-fishing\/#breadcrumb","itemListElement":[{"@type":"ListItem","position":1,"name":"Frontpage","item":"https:\/\/voksenaasen.no\/english\/"},{"@type":"ListItem","position":2,"name":"Ice fishing"}]},{"@type":"WebSite","@id":"https:\/\/voksenaasen.no\/english\/#website","url":"https:\/\/voksenaasen.no\/english\/","name":"Voksen\u00e5sen - Engelsk","description":"","publisher":{"@id":"https:\/\/voksenaasen.no\/english\/#organization"},"potentialAction":[{"@type":"SearchAction","target":{"@type":"EntryPoint","urlTemplate":"https:\/\/voksenaasen.no\/english\/?s={search_term_string}"},"query-input":{"@type":"PropertyValueSpecification","valueRequired":true,"valueName":"search_term_string"}}],"inLanguage":"en-US"},{"@type":"Organization","@id":"https:\/\/voksenaasen.no\/english\/#organization","name":"Voksen\u00e5sen AS","url":"https:\/\/voksenaasen.no\/english\/","logo":{"@type":"ImageObject","inLanguage":"en-US","@id":"https:\/\/voksenaasen.no\/english\/#\/schema\/logo\/image\/","url":"https:\/\/voksenaasen.no\/english\/wp-content\/uploads\/sites\/5\/2019\/01\/Voksenaasen_liggende_Fjord_RGB.png","contentUrl":"https:\/\/voksenaasen.no\/english\/wp-content\/uploads\/sites\/5\/2019\/01\/Voksenaasen_liggende_Fjord_RGB.png","width":510,"height":75,"caption":"Voksen\u00e5sen AS"},"image":{"@id":"https:\/\/voksenaasen.no\/english\/#\/schema\/logo\/image\/"}}]}},"_links":{"self":[{"href":"https:\/\/voksenaasen.no\/english\/wp-json\/wp\/v2\/pages\/3151","targetHints":{"allow":["GET"]}}],"collection":[{"href":"https:\/\/voksenaasen.no\/english\/wp-json\/wp\/v2\/pages"}],"about":[{"href":"https:\/\/voksenaasen.no\/english\/wp-json\/wp\/v2\/types\/page"}],"author":[{"embeddable":true,"href":"https:\/\/voksenaasen.no\/english\/wp-json\/wp\/v2\/users\/5"}],"replies":[{"embeddable":true,"href":"https:\/\/voksenaasen.no\/english\/wp-json\/wp\/v2\/comments?post=3151"}],"version-history":[{"count":6,"href":"https:\/\/voksenaasen.no\/english\/wp-json\/wp\/v2\/pages\/3151\/revisions"}],"predecessor-version":[{"id":3718,"href":"https:\/\/voksenaasen.no\/english\/wp-json\/wp\/v2\/pages\/3151\/revisions\/3718"}],"wp:featuredmedia":[{"embeddable":true,"href":"https:\/\/voksenaasen.no\/english\/wp-json\/wp\/v2\/media\/3158"}],"wp:attachment":[{"href":"https:\/\/voksenaasen.no\/english\/wp-json\/wp\/v2\/media?parent=3151"}],"curies":[{"name":"wp","href":"https:\/\/api.w.org\/{rel}","templated":true}]}}